. Let c(a) = 5*b(a) - 4*r(a). List the prime factors of c(6).
37
What are the prime factors of (1 - 2)/((10 - 8)/(-2854))?
1427
Suppose 0 = 261*i - 270*i + 34659. What are the prime factors of i?
3851
Let v = -18 + 50. Suppose -5*t + 37 - v = 0. List the prime factors of 1309/34 - t/2.
2, 19
Let v be ((-81)/(-36))/(6/16). Suppose 0*q + 12 = v*q. Suppose 0 = q*u - 4*u + 106. List the prime factors of u.
53
Suppose 4*x - 5*u - 70 = 0, -u + 3*u = -4. What are the prime factors of (745/x)/(5/15)?
149
Suppose 0*u - 3*q = -3*u, 0 = -3*q + 6. Let x be u + 15/(-5) + 3. List the prime factors of 15*x*10/4.
3, 5
Let y be 3/(-5) - 23/(-5). Suppose 6 = -2*s + 2*f, 0 = -s + y*s + 3*f - 9. Suppose -5*m + m + 92 = s. List the prime factors of m.
23
Suppose -4*h + 33 + 43 = 0. List the prime factors of h.
19
Let a = 71 - 152. Suppose 185 = -4*k + 821. Let y = k + a. List the prime factors of y.
2, 3, 13
Suppose 707 - 854 = -3*c. List the prime factors of c.
7
Suppose -k + 1661 = 509. List the prime factors of k.
2, 3
Let d = -26 + 37. Suppose -11 = -d*t + 10*t. What are the prime factors of t?
11
Suppose 5*x + 67 = -4*j, 5*x + 9 + 68 = j. Let h = -10 + -33. Let b = x - h. List the prime factors of b.
2, 7
List the prime factors of (-18)/63 - (0 + (-107892)/28).
3853
Let b(f) = f**2 + 6*f + 7. Let a be b(-5). Suppose 2*r = 5*q - a*r - 426, 5*r = -q + 62. List the prime factors of q.
2, 41
Suppose 2*v = -v. Suppose -2*l + f = -81, 3*l - 7*l + f + 161 = v. Suppose -k = -l - 0. List the prime factors of k.
2, 5
List the prime factors of (-28918)/(-14) + (-39)/(-91).
2, 1033
Let u(t) be the third derivative of t**6/120 + t**5/10 + t**4/8 - t**3/2 + 6*t**2. What are the prime factors of u(-4)?
17
Suppose 8*m - 868 = 4*m. Let f = -153 + m. What are the prime factors of f?
2
Let t(v) = -5*v + 12. Let r be t(-8). What are the prime factors of 55/4 + 13/r?
2, 7
Suppose 0 = -i - 2*i. Let z be (2 - i) + 3/3. Suppose -3*y - 22 = -5*d + 24, z = y. List the prime factors of d.
11
Let n = 2310 - -1665. List the prime factors of n.
3, 5, 53
Let f = -1 + 5. Suppose -u - 9 = -5*v, f*v - 4 = -0*u + 4*u. Suppose 4 = -v*z + 4*z. What are the prime factors of z?
2
Let t be 2/(-16) - (-578)/16. Suppose 6 = -3*p - t. What are the prime factors of ((-24)/p)/((-7)/(-49))?
2, 3
Let r(x) = x**3 - 14*x**2 + 16*x + 23. Let d be r(13). Let y = d - -32. List the prime factors of y.
2, 47
Let v = -1040 + 1601. List the prime factors of v.
3, 11, 17
Let x = 283 - 45. List the prime factors of x.
2, 7, 17
Suppose -3*u + 306 = -5*u. Let f = u + 230. List the prime factors of f.
7, 11
Let y(p) be the third derivative of p**5/60 - p**4/3 - 7*p**3/6 + 10*p**2. List the prime factors of y(11).
2, 13
Let y = 763 + 18. List the prime factors of y.
11, 71
Suppose 3*m + 15 = 12. Let f(s) = -12*s. List the prime factors of f(m).
2, 3
Suppose 0 = -58*n + 93156 + 572. List the prime factors of n.
2, 101
Let f(h) be the third derivative of 7*h**5/60 + h**4/12 + h**3/3 + 7*h**2. Let b be f(-1). Let z = b + 12. What are the prime factors of z?
19
Let j = 1582 + -273. List the prime factors of j.
7, 11, 17
Let m(w) = w**2 - 53*w - 5. List the prime factors of m(-31).
23, 113
Let x(g) be the second derivative of -2*g**3 - 32*g**2 - 2*g + 12. What are the prime factors of x(-28)?
2, 17
Suppose 3*d + 44 = -2*w, 3*d - d + 12 = 3*w. Let y be 1/(-4) + (-471)/d. List the prime factors of y/(-1 + 10/4).
2, 13
Suppose -1 - 9 = -2*t. Suppose -t*q + 0*q = -240. List the prime factors of 30/(-50) + q/5.
3
Suppose 346 = -31*s + 32*s. Suppose -10*g + s = -44. What are the prime factors of g?
3, 13
Suppose 0 = -2*u + 6*u + 76. Let f(k) = -k**3 - 19*k**2 - k - 15. What are the prime factors of f(u)?
2
Let p be -4 + 4/20*5. Suppose 3*s - 5*s - 2 = 0. List the prime factors of 16 + (p + 2)/s.
17
Let n(o) = -o**3 - 2*o**2 + 3*o. Let s be n(2). Let t(p) = -p**3 - 5*p**2 - 4*p - 7. Let y be t(-5). Let v = y - s. What are the prime factors of v?
23
Suppose 8*h + 521 = 65. Let t = -42 - h. List the prime factors of t.
3, 5
Suppose 3*m + 3 - 11 = -5*u, 0 = -3*m - 12. Suppose 2*f + 0*f = -u*c + 72, -3*f = 2*c - 128. List the prime factors of f.
2, 23
Let l(g) = g**3 - 5*g**2 + 6*g - 3. Let b be l(-5). Let n = -192 - b. What are the prime factors of n?
7, 13
Let s(z) = -z**3 + 13*z**2 + 9*z - 1. What are the prime factors of s(10)?
389
Let y = 8 + -5. Suppose -y*g = n - 38 + 12, 0 = -5*n - g + 88. Let z = 46 - n. What are the prime factors of z?
29
Let s = 6913 - 4862. List the prime factors of s.
7, 293
Let s be (12 + -9)*4/6. Suppose 10 = -5*r, -2*b - 5*r + 218 = s*b. Let i = b + -21. What are the prime factors of i?
2, 3
Let h = 834 + -45. List the prime factors of h.
3, 263
Let p be 1 + 3 - (2 + -1). Suppose 2*a + 199 = p*m, -m = -2*a - 75 + 2. Let h = 128 - m. What are the prime factors of h?
5, 13
Let m = 158 + 98. List the prime factors of m.
2
Let q be 1/(6/4) - (-29)/87. List the prime factors of ((-1 - 0)*1)/q - -67.
2, 3, 11
Let a(i) = -i**2 - 7*i + 2. Suppose -2*c = -2*x + 46, -4*x - x + 124 = 4*c. Suppose 3*y + y = -x. List the prime factors of a(y).
2
Let b(h) = -h**3 - 6*h**2 - 4*h + 1. Let l be b(-4). Let s be ((-140)/(-42))/(15/18). What are the prime factors of 2/s*(-11 - l)?
2
Let j = -119 + 204. What are the prime factors of j?
5, 17
What are the prime factors of (-289)/(35/14 - 3)?
2, 17
Suppose -7*b + g - 5293 = -11*b, 4*g - 6608 = -5*b. List the prime factors of b.
2, 331
List the prime factors of 4/6 - 11625/(-45).
7, 37
Suppose -5*q = 5*j - 22545, -j + 8*q - 12*q = -4509. List the prime factors of j.
3, 167
Let a = 112 - 116. List the prime factors of a*(13/52)/(2/(-604)).
2, 151
Let s = 1365 - -264. What are the prime factors of s?
3, 181
Let o(n) = n**2 + 22*n + 20. Let m be o(-14). List the prime factors of (24/16)/((-2)/m).
3, 23
Suppose 0 = -4*i - 4*o + 625 + 47, -5*o + 25 = 0. Let f = -105 + i. List the prime factors of f.
2, 29
Let o be (-105)/6*(-6 + -2). Let y = -82 + o. List the prime factors of y.
2, 29
Let z be (2 + 1302/(-9))*3/2. Let l = -83 - z. What are the prime factors of l?
131
Let y(v) = -v**2 + 11*v. Let u be y(11). Suppose u = 2*k + 67 - 173. List the prime factors of k.
53
What are the prime factors of (1921/(-2))/((-129)/258)?
17, 113
Let j = 363 + -52. Suppose 3*l + j = -3*r + 1010, r = 2*l - 457. List the prime factors of l.
2, 5, 23
Let n be (-3 + 2)/((-2)/6). Suppose 2 = 2*h + 3*j, -2*j = 4*h - n - 9. Suppose -h*u = -4*i - 180, i = -4*u - 2*i + 208. What are the prime factors of u?
7
Suppose -5025 = -7*f - 5*s, 5*f + 3*s - 3595 = -2*s. List the prime factors of f.
5, 11, 13
Let k be 2/(-2)*1 + 190. Suppose 4*t - 2*r - 51 = 367, 2*t = -3*r + k. Suppose -3*w - t = -5*w. List the prime factors of w.
3, 17
List the prime factors of ((-3996)/(-259))/(2/42).
2, 3
Let q(m) = 9*m - 17. Let g(w) = w + 8. Let c be g(4). What are the prime factors of q(c)?
7, 13
Let x(m) = -68*m - 63. Let y(q) = 23*q + 21. Let w(f) = 3*x(f) + 8*y(f). What are the prime factors of w(-6)?
3, 11
Suppose -3*v + 17 = -2*s + 5, -s + v = 5. Let u be 1*2*s/(-3). List the prime factors of 2*(-30)/(-4) - u.
13
Let i(a) = a**3 - a**2 - a - 1. Let w(m) = 5*m**3 - 14*m**2 - 25*m - 4. Let t(r) = 4*i(r) - w(r). List the prime factors of t(11).
2, 5, 11
What are the prime factors of (13/(351/(-27828)))/((-2)/3)?
2, 773
Let l(q) = q**3 + 8*q**2 - 4*q - 3. What are the prime factors of l(-8)?
29
Let s = 3877 + -2449. List the prime factors of s.
2, 3, 7, 17
Let y be 7/3 + 5/(-15). Let i(o) = 15*o + 1. Let l be i(y). Suppose -6*z = -l - 209. What are the prime factors of z?
2, 5
Suppose -5*a = -4*u + 7*u - 3195, 5*a - 1075 = -u. What are the prime factors of u?
2, 5, 53
Suppose j = -19 + 24. Suppose 3*s - 6*q = -2*q - 96, 2*q = j*s + 146. Let a = s + 53. List the prime factors of a.
5
Suppose 4*x - 8 = -4*w, 1 + 1 = -x. Suppose 2*o + 2 = w*n, -2*o + 1 = -o - 4*n. Let v = o - -13. List the prime factors of v.
2, 5
Suppose -3*a + 2*t - 45 = 0, 0 = -5*a - 0*a - 2*t - 59. Let r = 16 + a. List the prime factors of r.
3
Suppose -203*n + 199*n + 1284 = 0. List the prime factors of n.
3, 107
Let j(d) = d**2 - 4*d - 8. Let u(c) = c + 3. Let f be u(3). Let s be j(f). Suppose -19 = -g + s. What are the prime factors of g?
23
Suppose -3